c(-11).
-1
Let o(u) = u**3 + 248*u**2 - 493*u + 1735. What is o(-250)?
-15
Let u(k) = 21*k**2 - 137*k - 4337. Determine u(18).
1
Let q(w) = 322*w + 332. Determine q(-1).
10
Let j(a) = 333*a + 4377. What is j(-13)?
48
Let s(o) = -2*o**3 - 9*o**2 - 514*o - 2596. Determine s(-5).
-1
Let s(m) = -12*m**2 - 84*m - 9. Determine s(-6).
63
Let k(a) = -2*a**3 - 334*a**2 - 41*a - 6884. Determine k(-167).
-37
Let z(i) = -i**3 + 20*i**2 - 8*i + 35. Give z(21).
-574
Let w(k) = -k**3 - 19*k**2 + 9*k - 213. Give w(-20).
7
Let l(y) = -y**2 - 615*y + 611. Calculate l(1).
-5
Let j(x) = x**2 + 372*x + 29283. Give j(-113).
16
Let n(u) = 394*u - 1189. Give n(3).
-7
Let k(q) = -3436*q + 24033. Give k(7).
-19
Let w(o) = -32*o + 407. Determine w(11).
55
Let q(j) = 36*j + 128. What is q(-3)?
20
Let h(s) = -37*s - 1622. Determine h(-44).
6
Let r(x) = -318*x - 19387. Calculate r(-61).
11
Let s(l) = -17*l**2 - 158*l - 54. Calculate s(-10).
-174
Let p(t) = -t**3 + 10*t**2 + 17*t - 15. Calculate p(10).
155
Let l(n) = -197*n**2 - 2956*n - 4. Calculate l(-15).
11
Let o(x) = 136*x - 2796. Give o(21).
60
Let x(h) = -1194*h + 3602. Give x(3).
20
Let a(i) = 9*i**3 - 223*i**2 - 51*i - 7. What is a(25)?
-32
Let d(t) = 3*t**3 + 77*t**2 - 199*t - 129. What is d(-28)?
-45
Let q(j) = j**3 - 15*j**2 - 39*j - 208. What is q(18)?
62
Let d(i) = 155*i**2 + 3562*i - 87. What is d(-23)?
-18
Let k(i) = 7*i - 96. Give k(-6).
-138
Let l(m) = -18*m - 474. Determine l(-26).
-6
Let h(p) = p**2 - 107*p + 1395. Give h(15).
15
Let p(g) = -6830*g + 6823. What is p(1)?
-7
Let l(j) = 148*j + 11. Calculate l(-2).
-285
Let u(h) = 3*h - 70. Calculate u(25).
5
Let m(a) = 100*a + 1707. Give m(-17).
7
Let n(s) = s**3 - 2*s**2 + 557*s - 2246. Calculate n(4).
14
Let j(k) = k**3 - 138*k**2 + 1511*k + 116. Give j(126).
-10
Let k(v) = -v**3 - 90*v**2 + 68*v - 2101. Calculate k(-91).
-8
Let b(g) = 68*g - 1840. Determine b(27).
-4
Let o(w) = -2*w**3 + 13*w**2 + 21. Calculate o(7).
-28
Let x(f) = f**3 + 28*f**2 + 3*f + 10. Calculate x(-28).
-74
Let k(l) = -48*l + 2329. What is k(47)?
73
Let o(a) = -7*a**3 + 2*a**2 + 182*a + 179. Determine o(-1).
6
Let r(w) = 65*w + 204. Determine r(-3).
9
Let n(t) = 7254*t - 36251. Determine n(5).
19
Let s(c) = c**2 + 4*c - 290. Determine s(14).
-38
Let q(u) = -56*u + 2456. Calculate q(44).
-8
Let m(w) = -9*w**3 + 11*w**2 - 5*w + 10. What is m(3)?
-149
Let r(l) = -57*l**3 + 28*l**2 - 32*l + 2. What is r(1)?
-59
Let u(q) = 1524*q - 18295. Calculate u(12).
-7
Let p(n) = n**3 + 11*n**2 + 66*n + 175. What is p(-5)?
-5
Let i(m) = 11*m**3 - 431*m**2 + 80*m - 78. Calculate i(39).
0
Let i(l) = -l**2 + 121*l - 1779. Give i(101).
241
Let h(g) = -g**3 - 4*g**2 + 85*g - 136. What is h(-12)?
-4
Let o(i) = i**3 + 18*i**2 + 3*i + 46. Determine o(-18).
-8
Let f(y) = 337*y**3 - y**2 - 2*y. Determine f(-1).
-336
Let r(q) = 112*q - 19. Determine r(-2).
-243
Let t(g) = 42*g - 148. Determine t(1).
-106
Let l(j) = -j**3 + 53*j**2 - 50*j - 97. What is l(52)?
7
Let r(c) = 4*c**3 - 27*c**2 + 37*c - 111. Determine r(6).
3
Let b(q) = -2*q**3 - 33*q**2 - 290*q - 5221. Determine b(-17).
-2
Let s(c) = -c**2 + 90*c - 808. What is s(10)?
-8
Let f(l) = 130*l + 15993. Determine f(-123).
3
Let z(q) = 29*q - 8. What is z(-1)?
-37
Let m(y) = -6*y - 123. What is m(-25)?
27
Let y(j) = 56*j**2 - 15*j + 8. Give y(1).
49
Let p(l) = 4*l**3 - 49*l**2 - 35*l - 18. What is p(13)?
34
Let f(s) = -370*s + 1980. What is f(5)?
130
Let j(x) = -x**2 - 30*x + 258. Calculate j(7).
-1
Let p(v) = v**3 + 15*v**2 + 36*v - 47. What is p(-11)?
41
Let n(f) = -242*f + 3025. Determine n(13).
-121
Let i(p) = -p**3 + 18*p**2 - 73*p - 42. Calculate i(11).
2
Let x(g) = -g**3 - 20*g**2 - 31*g + 30. What is x(-18)?
-60
Let k(p) = p**3 + 107*p**2 - 331*p + 10. What is k(3)?
7
Let n(x) = -30*x**2 - 11*x - 8. Give n(-4).
-444
Let w(u) = -5*u**2 - 33*u + 3. What is w(-6)?
21
Let g(j) = -92*j**2 - 2576*j + 3. What is g(-28)?
3
Let z(q) = -q**3 + 5*q**2 + 59*q - 43. Determine z(10).
47
Let d(q) = 2*q**3 + 4*q**2 - 20*q - 28. What is d(-4)?
-12
Let b(s) = -s - 9. Calculate b(-26).
17
Let t(j) = -3*j**3 + 6*j**2 - 14*j - 14. Give t(4).
-166
Let f(v) = -5*v - 190. Give f(-21).
-85
Let r(h) = 2*h**2 + 9*h - 100. Calculate r(-10).
10
Let y(v) = -v**3 + 18*v**2 - 70*v + 51. Give y(3).
-24
Let k(j) = -j**3 - 11*j**2 - 6*j + 112. Determine k(-9).
4
Let h(v) = v**3 + 13*v**2 + 493*v - 1616. Determine h(3).
7
Let g(p) = 3*p**2 + 92*p - 426. Determine g(-35).
29
Let y(l) = 1171*l + 7021. Calculate y(-6).
-5
Let m(w) = w**3 - 14*w**2 - 269*w - 162. Give m(25).
-12
Let n(m) = m**2 + 27*m + 254. Calculate n(-35).
534
Let w(k) = 137*k + 820. Give w(-6).
-2
Let j(y) = y**3 - 32*y**2 + 17*y + 443. What is j(31)?
9
Let w(u) = -5*u**3 + 83*u**2 - 59*u + 181. What is w(16)?
5
Let h(u) = u**2 + 61*u + 369. What is h(-13)?
-255
Let t(f) = 106*f - 3416. Determine t(32).
-24
Let s(n) = -14*n**2 + 94*n + 23. What is s(7)?
-5
Let v(y) = -y**2 + 65*y - 4. Calculate v(0).
-4
Let x(i) = i**3 + 56*i**2 + 55*i + 24. Give x(-55).
24
Let u(n) = -64*n + 177. Determine u(0).
177
Let z(s) = -s**3 - 67*s**2 + 12*s - 3813. What is z(-68)?
-5
Let n(h) = -h**2 - 5*h + 953. Determine n(-34).
-33
Let m(n) = n**3 + 22*n**2 - 6*n + 324. Give m(-23).
-67
Let u(s) = s**3 - s**2 - 1259*s + 30. Calculate u(-35).
-5
Let d(k) = -49*k - 1005. Calculate d(-21).
24
Let w(g) = 25160*g - 50323. Determine w(2).
-3
Let n(t) = 10*t**2 + 10*t + 25. What is n(-2)?
45
Let m(r) = -r**2 - 92*r + 1988. Calculate m(18).
8
Let b(g) = 98*g - 1954. Calculate b(20).
6
Let d(v) = -142*v - 1746. Determine d(-12).
-42
Let x(k) = 2*k**3 + 5*k**2 - 17*k + 11. Determine x(-5).
-29
Let x(b) = -b**2 - 2953*b - 38222. Give x(-13).
-2
Let i(h) = 3*h**2 + 28*h + 53. What is i(-2)?
9
Let f(x) = -4*x - 527. Determine f(-34).
-391
Let a(j) = -162*j**3 + 3*j**2 + 20*j + 19. What is a(-1)?
164
Let j(c) = 79*c + 973. Calculate j(-12).
25
Let g(y) = -3*y**2 + 66*y + 31. Give g(22).
31
Let q(o) = -32*o + 235. Give q(11).
-117
Let j(g) = 271*g - 48223. Calculate j(178).
15
Let q(z) = 62*z + 757. Give q(-12).
13
Let s(g) = 203*g - 3429. What is s(17)?
22
Let l(y) = -8350*y + 16700. What is l(2)?
0
Let h(y) = y**3 + 10*y**2 + 7*y + 63. Give h(-10).
-7
Let j(f) = -f**2 + 31*f - 19. What is j(30)?
11
Let w(q) = 2744*q + 16344. What is w(-6)?
-120
Let n(k) = -k**3 + 116*k**2 - 1518*k + 309. Calculate n(101).
6
Let d(y) = -5*y**2 - 113*y - 604. Determine d(-14).
-2
Let j(x) = 25*x - 794. What is j(30)?
-44
Let s(a) = 3*a**2 - 85*a + 36. Determine s(28).
8
Let k(z) = 8*z + 372. What is k(-41)?
44
Let b(f) = -2*f**3 + 35*f**2 + 104*f - 873. Calculate b(19).
20
Let y(t) = 3*t**2 + 358*t - 1441. What is y(-123)?
-88
Let r(x) = x**3 + 9*x**2 - 9*x + 18. Give r(4).
190
Let l(b) = -3*b**3 + 16*b**2 + 31*b - 184. Calculate l(5).
-4
Let c(d) = d**3 + 11*d**2 + 19*d - 43. What is c(-8)?
-3
Let q(a) = -a**3 - 10*a**2 + 254*a + 107. Give q(12).
-13
Let u(n) = 496*n + 7469. Determine u(-15).
29
Let v(m) = m**3 + 34*m**2 - 114*m - 157. What is v(-37)?
-46
Let d(b) = 2*b**2 - 28*b - 212. Calculate d(19).
-22
Let n(f) = -f**3 - 3*f**2 + 61*f + 133. What is n(-2)?
7
Let w(v) = -24*v**3 + 4*v**2 + 2*v - 5. Give w(1).
-23
Let l(m) = m**3 - 27*m**2 + 27*m + 32. What is l(26)?
58
Let v(l) = l**3 - 32*l**2 + l - 82. Determine v(32).
-50
Let h(k) = 2*k**3 - 209*k**2 - 99*k - 631. What is h(105)?
-1
Let h(i) = i**2 - 19*i + 28. Give h(18).
10
Let w(z) = -209*z + 1359. What is w(8)?
-313
Let z(q) = -118*q - 160. Give z(-2).
76
Let b(l) = l**3 + 5*l**2 - 71*l - 296. Calculate b(-4).
4
Let b(p) = 481*p - 18755. Calculate b(39).
4
Let p(j) = -31*j - 9. What is p(8)?
-257
Let z(g) = -67*g + 6958. What is z(104)?
-10
Let i(f) = -4*f**2 - 276*f - 816. What is i(-3)?
-24
Let v(z) = 5*z**2 - 187*z + 583. Calculate v(3).
67
Let w(z) = -z + 23. What is w(-11)?
34
Let s(d) = -18*d - 1368. What is s(-77)?
18
Let r(g) = -2*g**2 - 89*g - 10. Determine r(0).
-10
Let l(d) = -64*d**2 + 18*d + 14. Give l(-2).
-278
Let z(l) = 7*l**2 - 4133*l - 8268. Calculate z(-2).
26
Let u(t) = 2*t**2 - 52*t + 95. Give u(23).
-43
Let o(r) = -r**2 - 57*r - 256. Give o(-5).
4
Let w(q) = -14*q**2 + 66*q - 224. Determine w(4).
-184
Let j(d) = 2*d**3 + 32*d**2 + 30*d + 20. Give j(-12).
812
Let x(n) = -7*n**2 -